g be h(8). Let x be (-2)/11 + (-350)/g. Suppose -x*j + 15 + 12 = 0. What are the prime factors of j?
3
Let j be (-4 + 11 + -4)*1. Suppose -864 = -j*v - 5*v. List the prime factors of v.
2, 3
Suppose 0 = -2*d + 3*d. Suppose -f - p + 77 = d, 120 = 4*f + p - 185. Suppose -m + 0*m = -f. List the prime factors of m.
2, 19
Let r = -525 - -1492. What are the prime factors of r?
967
Let d be 5*-1 + (0 - -2 - -1). List the prime factors of -66*(d/(-11) + (-150)/99).
2, 11
Let k be 0 - 2 - (-5)/(-5). Let r = -6 - k. List the prime factors of (-4)/r*(-240)/(-10).
2
Let a(w) = w**3 + 7*w**2 - 8*w - 4. Let s be a(-8). What are the prime factors of 3 + 3/s*-4*1?
2, 3
Let y(j) = j**3 + 13*j**2 - 7*j + 11. What are the prime factors of y(-7)?
2, 3, 59
Suppose 6*t - 3*t - 2*b + 1 = 0, t - 23 = -4*b. Suppose -v + 176 = 2*l + t*v, 0 = -5*l + 5*v + 365. List the prime factors of l.
2, 3, 13
Suppose 6 = 2*l - 6. Suppose -l = n - 29. What are the prime factors of n?
23
Let b be 555/(-6)*(-10)/25. Let y = b + -27. List the prime factors of y.
2, 5
Let y(d) = -287*d**2 - 3*d + 35. Let v(g) = -72*g**2 - g + 9. Let n(t) = -9*v(t) + 2*y(t). What are the prime factors of n(2)?
3, 97
Suppose 16 = -3*m - 3*w - 233, -6 = 2*w. What are the prime factors of (m/(-28))/(-5) - (-1398)/21?
2, 3, 11
Let t(d) = -21*d - 18. Let v be t(-13). Suppose -2*y + v = 3*y. List the prime factors of y.
3, 17
Suppose -2*z + 2*o + 843 = 217, o - 623 = -2*z. List the prime factors of z.
2, 3, 13
Let n(l) = 16*l**2. Let p be n(1). Suppose 0*i = -i - p. Let w = 13 - i. What are the prime factors of w?
29
Suppose 2*c - 5 = -9. List the prime factors of 68 + c/(-4)*-4.
2, 3, 11
Let n(l) = -l**3 + 6*l**2 - 3*l - 9. Let m be n(5). List the prime factors of (130 - -2) + m + -1.
2, 3, 11
Suppose -4*u = -5*w + 6420, 0*w - 5*u - 5145 = -4*w. List the prime factors of w.
2, 5
Suppose 4*t - 5*r - 4603 = 0, -2*t - 6*r + 2303 = -9*r. List the prime factors of t.
31, 37
Let u(b) be the third derivative of 0 + 4*b**2 - 1/60*b**5 + 0*b**3 + 1/8*b**4 - 1/60*b**6 + 0*b. List the prime factors of u(-3).
2, 3
Suppose -992 = -5*d + 1843. List the prime factors of d.
3, 7
Let s(g) = 3*g**3 - 33*g**2 + 16*g + 9. What are the prime factors of s(14)?
1997
Suppose 69*k + 27719 = 160337. List the prime factors of k.
2, 31
Let i = 263 + -147. Suppose 4*k - i = 200. What are the prime factors of k?
79
Let o(c) = -535*c**3 - c**2 + 7*c + 7. List the prime factors of o(-2).
3, 1423
Suppose -2*r + 4*n = -3696, r + 94*n - 1857 = 93*n. List the prime factors of r.
2, 3, 103
Let g be 6/21 - (-114)/42. Let o be 20/30 - 2/g. Suppose -3*n + 57 = -o*n. List the prime factors of n.
19
Suppose 5*i + r - 3*r - 15 = 0, 3*i - r - 9 = 0. Let m = 7 - i. Suppose m*f = -f + 95. List the prime factors of f.
19
Suppose 0 = -4*q + 8191 + 649. What are the prime factors of q?
2, 5, 13, 17
Suppose 2*z - 5*s - 1552 = 0, -5*s = -2*z + 5*z - 2303. What are the prime factors of z?
3, 257
Let f(b) = b**2 - b - 9. Let t be f(-3). Suppose 0 = t*c - 56 - 25. List the prime factors of c.
3
What are the prime factors of -3 - (-36)/14 - (-41481)/63?
2, 7, 47
Let x(b) = -b**3 - 23*b**2 - 67*b + 37. What are the prime factors of x(-22)?
13, 79
Suppose 3*s = 5*l + 8162, 15372 = 5*s - l + 1776. What are the prime factors of s?
2719
Let f(d) = 2*d**2 + 52*d - 123. What are the prime factors of f(-39)?
3, 11
Let w be -88 - (5/2 - (-11)/(-22)). List the prime factors of (w/60)/(6/(-508)).
127
Suppose -29*a + 18*a = -4444. List the prime factors of a.
2, 101
Let p(o) = 11*o - 7. Let q(w) = 1. Let j(t) = -p(t) - 6*q(t). Let h = 10 - 13. List the prime factors of j(h).
2, 17
Suppose 5*c = -5*s + 225, c = -4*s + 2*c + 165. Suppose -3*j - s = -5*y + 820, -5*j = 20. List the prime factors of y.
2, 5, 17
Let v(b) = b**2 + b. Suppose 5*t - 43 = 5*o + t, 3*o - 4*t = -29. What are the prime factors of v(o)?
2, 3, 7
Let w = -41 - -489. What are the prime factors of w?
2, 7
Let d(a) = -155*a + 597. What are the prime factors of d(-13)?
2, 653
Suppose 3*c = 7*c - 28. Let f = 59 - c. List the prime factors of f.
2, 13
Let k(i) = 7*i - 5. Suppose 0 = 5*b + 2*o - 11, -3*b + 4*o + 15 = o. Let q be k(b). Let j = q - -1. List the prime factors of j.
17
Let q(a) be the third derivative of 17*a**4/24 + a**3/2 + 2*a**2. What are the prime factors of q(5)?
2, 11
Suppose 21 = 8*z - 35. Suppose 953 = z*w - 265. What are the prime factors of w?
2, 3, 29
Let a be ((-2)/(-6))/((-3)/(-162)). Suppose d - 2*w = a, 1 = 4*d - 3*w - 56. List the prime factors of d.
2, 3
List the prime factors of 7 + -7 + 321 + 2.
17, 19
Let h(d) = -430*d - 186. What are the prime factors of h(-9)?
2, 3, 307
Let t(q) = 2*q**2 + q + 8. Let n = -7 + 1. What are the prime factors of t(n)?
2, 37
Let f = -150 + 246. Let i = f - 55. List the prime factors of i.
41
Let y = -12 + 4. What are the prime factors of y/20*(-1 + -154)?
2, 31
Let c(k) be the first derivative of 110*k**3/3 - 3*k**2/2 - k + 20. List the prime factors of c(-1).
2, 7
Let g(b) = -b**3 - 6*b**2 - 5*b + 16. Let x = -14 + 8. List the prime factors of g(x).
2, 23
Suppose 563*q = 576*q - 61659. What are the prime factors of q?
3, 17, 31
Suppose -5*c = 17 + 3, 4*m - 12 = 3*c. Suppose m = -2*r + 114 + 162. Suppose 35 = y + v, v + r = 4*y - 22. What are the prime factors of y?
3, 13
Let k(x) = x**3 + 10*x**2 - 12*x - 8. Let y be k(-11). Suppose -y*h = -2*c + 51, -2*h = 2*h + 4. List the prime factors of 3/c + 158/16.
2, 5
Suppose j = -39 - 20. Let g = -3 - j. List the prime factors of g.
2, 7
Let n be (-3)/(-12) - (-662)/8. Suppose 0 = -b + n + 41. Suppose 0 = -10*u + 8*u + b. List the prime factors of u.
2, 31
Let w = -3 + 6. Let d(a) = a**3 + 2*a - 40. Let p be d(0). What are the prime factors of ((-12)/8)/w*p?
2, 5
Suppose c + 2*u - 6806 = -0*c, -5*u - 25 = 0. List the prime factors of c/120 - (-2)/10.
3, 19
Let r be ((-18)/(-2) - 2)*1. Let p(y) be the second derivative of -y**5/20 + 7*y**4/12 + 2*y**3/3 + y**2/2 - 11*y. List the prime factors of p(r).
29
Let v = 0 + 2. Suppose n - 12 = -v*n. Suppose m - n*d = 3*m - 58, 4*d = 3*m - 87. List the prime factors of m.
29
Suppose -5*v + 5410 = -2970. What are the prime factors of v?
2, 419
Let o be 42/(-12)*4/(-1). Let f(s) = -s**2 - 7. Let n be f(0). Let m = o + n. What are the prime factors of m?
7
Let c = 5 - 1. Suppose 4 = -3*s - 4*h - 2, -3*s + c*h + 18 = 0. Suppose -2*o + 46 = s. What are the prime factors of o?
2, 11
Let r(w) = -3*w - 7. Let o be r(-11). Let c = 125 - o. List the prime factors of c.
3, 11
Let o(z) = 4*z**2 - 2. Let q be o(1). Let t(m) = -m**2 - 8*m. Let l be t(-4). Suppose 3*b = q*b + l. List the prime factors of b.
2
Let o be 4 - (-5)/(3 + 2). Suppose 5 = -0*d - d, 0 = -3*y + o*d + 505. List the prime factors of y.
2, 5
Let u be (-1665)/(-21) - 4/14. Suppose 4*v = -w + u, 5*v - 4*w - w = 80. List the prime factors of v.
19
Suppose -6*j + 6 = 24. Let h(z) = -9*z**3 + 2*z**2 + z + 10. What are the prime factors of h(j)?
2, 67
Let m(q) = q - 2. Let g be (-1 - -3)/(2/2). Let t be m(g). Suppose -3*a + 5 + 4 = t. List the prime factors of a.
3
Let q(k) = 673*k**2 - 5*k - 5. What are the prime factors of q(-1)?
673
Let b = 123 + -13. List the prime factors of b.
2, 5, 11
Let m(c) = 6*c**2 + c + 5. Let x be 2/4*60/3. Suppose 5*l = x*l - 15. List the prime factors of m(l).
2, 31
Suppose 2*k - 1359 = -319. What are the prime factors of k?
2, 5, 13
Let x(y) = -y**3 + 14*y**2 + 4*y - 16. Let s be x(14). Suppose s = 4*n - 0. What are the prime factors of n?
2, 5
Suppose 0 = 2*i - 15 + 27. Let f = -3 - -6. What are the prime factors of (-8)/f*27/i?
2, 3
Let b(n) be the second derivative of n**5/20 + n**4 - n**3/2 - 7*n**2/2 + n. List the prime factors of b(-8).
3, 7, 13
Suppose -4*d - 4 = 4*k, -3*d + 3 = 2*d - 3*k. Let u be 3/3*d - 14. What are the prime factors of (-3)/(-2) + (-553)/u?
41
Let a be ((-6)/12)/(2/288). Let j be a/6*(-2)/3. List the prime factors of (-12)/(-9)*18/j.
3
Let u be 1*2/6 - (-13970)/66. Let w = u - 72. List the prime factors of w.
2, 5, 7
Let a(c) = c + 1. Let f(r) = r**3 - 8*r**2 - 8*r - 10. Let t be f(9). Let m be a(t). Suppose -5*p + 2*p + 114 = m. List the prime factors of p.
2, 19
Suppose 23*q = -5486 + 16365. List the prime factors of q.
11, 43
Let n(x) = -3*x**3 + x